s ca - -3?
100
In base 13, what is -b809 + 5?
-b804
In base 5, what is 31401 + -3?
31343
In base 13, what is -71a - -3?
-717
In base 16, what is -4 - -9a?
96
In base 2, what is -100011011 + 10?
-100011001
In base 13, what is c66 - 7?
c5c
In base 5, what is -3234 - 10?
-3244
In base 9, what is 41 - -3?
44
In base 12, what is -4 - -4b?
47
In base 16, what is a - -6ca?
6d4
In base 11, what is -27a + 8?
-272
In base 8, what is 2 - -20?
22
In base 15, what is 190 - -2?
192
In base 5, what is 31334 - 0?
31334
In base 2, what is 10100110000 + -11?
10100101101
In base 8, what is 7 - 4?
3
In base 16, what is -5 + 844?
83f
In base 12, what is 1 - 3b?
-3a
In base 7, what is 155 - -6?
164
In base 10, what is -4 + -99?
-103
In base 12, what is 282 - -4?
286
In base 2, what is -11000100 + -100?
-11001000
In base 11, what is -790 + -1?
-791
In base 5, what is -32201 - 2?
-32203
In base 6, what is 10 + 203?
213
In base 3, what is 10 + 1101211?
1101221
In base 12, what is -1a8 + 0?
-1a8
In base 3, what is -200201 + 1?
-200200
In base 15, what is -86 + -4?
-8a
In base 4, what is -20 - 302?
-322
In base 13, what is 3 + -183?
-180
In base 16, what is 134 + -f?
125
In base 3, what is 202 + -1?
201
In base 5, what is 1 + -131?
-130
In base 2, what is -1 + 1110001011?
1110001010
In base 6, what is 0 + 351?
351
In base 15, what is 2 - 6e?
-6c
In base 3, what is -11 - -110121?
110110
In base 10, what is -338 - -42?
-296
In base 4, what is 11 - 330?
-313
In base 8, what is -4342 + 0?
-4342
In base 10, what is -7 + 317?
310
In base 5, what is -241 + 202?
-34
In base 15, what is 33 + -d5?
-a2
In base 15, what is 1424 - 3?
1421
In base 3, what is 1 - -20201?
20202
In base 11, what is 5 - -405?
40a
In base 5, what is 34 + 14?
103
In base 6, what is -2401 + 0?
-2401
In base 12, what is -827b - -2?
-8279
In base 2, what is -10 + 1101001101101?
1101001101011
In base 4, what is 20 - 222?
-202
In base 3, what is -20 - -1?
-12
In base 5, what is 202 + -133?
14
In base 2, what is -1 - -10001111?
10001110
In base 10, what is 62 - -15?
77
In base 13, what is 0 - 1486?
-1486
In base 6, what is -4 - 11130?
-11134
In base 16, what is -1 + -6b?
-6c
In base 7, what is 154 + 261?
445
In base 14, what is 1736 - -5?
173b
In base 2, what is -10010001001 + 10?
-10010000111
In base 3, what is -1210212 - -1?
-1210211
In base 11, what is 0 - 1992?
-1992
In base 2, what is -10100111 - 11?
-10101010
In base 9, what is -13 - -10?
-3
In base 9, what is 3 + 1435?
1438
In base 11, what is 5 + 161?
166
In base 14, what is 3a0 - c?
392
In base 10, what is 68 + -65?
3
In base 9, what is -131 - 66?
-207
In base 2, what is 1010 + -1011?
-1
In base 14, what is -7 - 7d?
-86
In base 5, what is -10 - -311?
301
In base 7, what is -6 + -33?
-42
In base 6, what is 0 - -13510?
13510
In base 4, what is 30 - 231?
-201
In base 13, what is 1 - 1730?
-172c
In base 14, what is -4c - -92?
44
In base 11, what is -472 - 4?
-476
In base 12, what is 5 + 4?
9
In base 8, what is 1 - -105?
106
In base 9, what is 360 + -2?
357
In base 7, what is -141335 + 0?
-141335
In base 4, what is -130 - 1213?
-2003
In base 13, what is -5 + ba?
b5
In base 8, what is 2147 + -1?
2146
In base 6, what is 5 - 143?
-134
In base 13, what is 39 + -20?
19
In base 14, what is 25 + -1?
24
In base 12, what is -6 - 256a?
-2574
In base 16, what is -f1 + 14?
-dd
In base 14, what is 2 + -120?
-11c
In base 14, what is 158 - 1?
157
In base 14, what is 2 - -2bc?
2c0
In base 16, what is 19e - -1?
19f
In base 12, what is -2319 + -1?
-231a
In base 12, what is -a - -a8?
9a
In base 6, what is -25341 + -3?
-25344
In base 6, what is -1500 + 5?
-1451
In base 6, what is -5 + -14031?
-14040
In base 12, what is 0 - -18?
18
In base 2, what is -110001100 + -11?
-110001111
In base 15, what is 31 - 7?
29
In base 2, what is 100100001 + 0?
100100001
In base 5, what is -4 + 344?
340
In base 12, what is -265 - -4?
-261
In base 13, what is 12b8 - -5?
12c0
In base 13, what is -795b + 5?
-7956
In base 4, what is -3 + -200?
-203
In base 14, what is 174 - -3?
177
In base 12, what is -b65 - 5?
-b6a
In base 10, what is -225 + -2?
-227
In base 4, what is -22 - 301?
-323
In base 8, what is 3 + -21?
-16
In base 12, what is -1 + 15b?
15a
In base 6, what is 543 + 3?
550
In base 9, what is -126 + -37?
-164
In base 9, what is -420 - -1?
-418
In base 4, what is 10 - 3101?
-3031
In base 13, what is 2 + 47b?
480
In base 5, what is -3 + -4233?
-4241
In base 7, what is 26 + 6?
35
In base 16, what is -10 + -25?
-35
In base 4, what is 123 - -1?
130
In base 8, what is 0 - 30?
-30
In base 16, what is 1997 - -5?
199c
In base 2, what is 11001 - -11010?
110011
In base 9, what is -81 + 2?
-78
In base 3, what is 122022 - -1?
122100
In base 6, what is 321322 + 2?
321324
In base 9, what is 0 - -424?
424
In base 11, what is 3 + 417?
41a
In base 14, what is 7 + -7b?
-74
In base 3, what is -10 + -120022?
-120102
In base 16, what is -3 + -1330?
-1333
In base 2, what is -1 + -101101010?
-101101011
In base 4, what is 11 - 230010?
-223333
In base 9, what is -15 + -11?
-26
In base 6, what is -2445 + 2?
-2443
In base 5, what is -10014 - 14?
-10033
In base 9, what is 5 - -483?
488
In base 16, what is 3 - 280?
-27d
In base 5, what is 11231 - -24?
11310
In base 15, what is -11 + 20?
e
In base 6, what is -3 + 25?
22
In base 4, what is -211232 - 11?
-211303
In base 6, what is -405 - 3?
-412
In base 12, what is -55b + -3?
-562
In base 6, what is 5435 - 12?
5423
In base 14, what is 5 - c?
-7
In base 15, what is -6e3 + -13?
-706
In base 4, what is 111 + 303?
1020
In base 3, what is 11 + 211112?
211200
In base 11, what is a5 + 1?
a6
In base 14, what is -9c48 + -1?
-9c49
In base 6, what is -10 - -15?
5
In base 7, what is 0 + 50?
50
In base 3, what is 1 - -2022221?
2022222
In base 3, what is 121 + 21021?
21212
In base 10, what is 704 + -5?
699
In base 4, what is -203 + -32?
-301
In base 10, what is -2 - -930?
928
In base 8, what is 60 + -230?
-150
In base 11, what is 0 - -373?
373
In base 13, what is 1 - 2b5?
-2b4
In base 16, what is 1 - d3?
-d2
In base 4, what is 30300 - 3?
30231
In base 11, what is 2 + 401?
403
In base 8, what is -173 - 5?
-200
In base 2, what is -100 + -11100000?
-11100100
In base 13, what is 3 - 1b2?
-1ac
In base 4, what is 12130020 - -1?
12130021
In base 5, what is 3113 + 13?
3131
In base 15, what is -18bd + 5?
-18b8
In base 3, what is 1220011 + 12?
1220100
In base 13, what is -39 - 1?
-3a
In base 3, what is -1020 - -200020?
122000
In base 3, what is -211110 - -2?
-211101
In base 3, what is -10 - -1100202?
1100122
In base 11, what is 1225 + 3?
1228
In base 6, what is 3 - -502?
505
In base 7, what is -2 - -211?
206
In base 16, what is -108 + -7?
-10f
In base 2, what is -101001 + -10001?
-111010
In base 12, what is b70 + -1?
b6b
In base 16, what is -3 - e9?
-ec
In base 12, what is -136 + 1?
-135
In base 6, what is -12050 + 3?
-12043
In base 13, what is -22 + 6?
-19
In base 8, what is -220 - -2?
-216
In base 2, what is 10000001 - 11?
1111110
In base 3, what is -1110 + -121?
-2001
In base 16, what is 19 - -4?
1d
In base 11, what is 7 - 46?
-3a
In base 3, what is 12 - 211001?
-210212
In base 2, what is 11010100 - 100?
11010000
In base 4, what is 21210 + 2?
21212
In base 7, what is 20 - 3?
14
In base 7, what is 202 + 12?
214
In base 9, what is -2 + 150?
147
In base 8, what is -2230 - 15?
-2245
In base 8, what is 53 - -350?
423
In base 16, what is 87 + -a?
7d
In base 4, what is -3 - 1210?
-1213
In base 9, what is 2 + -81?
-78
In base 7, what is -2405 - -5?
-2400
In base 5, what is 42 - 20?
22
In base 14, what is -6 - 0?
-6
In base 12, what is 5 - 1694?
-168b
In base 11, what is 66 + 140?
1a6
In base 2, what is -100100111 - -10?
-100100101
In base 7, what is -3 + 2664?
2661
In base 10, what is -5 + 6772?
6767
In base 8, what is -10143 - -4?
-10137
In base 14, what is 2 + 11b?
11d
In base 14, what is 3 + 27?
2a
In base 7, what is -156 + -4?
-163
In base 16, what is 0 + -3e?
-3e
In base 4, what is -200103 + 3?
-200100
In base 7, what is 2 + -203?
-201
In base 8, what is 0 - 130?
-130
In base 13, what is -10 - 9?
-19
In base 4, what is -230022 - -2?
-230020
In base 10, what is 25 + 16?
41
In base 9, what is 1 + 406?
407
In base 15, what is -c + 5ab?
59e
In base 12, what is -3 - 19b?
-1a2
In base 3, what is -112